
{"id":987508401,"date":"2024-10-02T18:54:00","date_gmt":"2024-10-02T16:54:00","guid":{"rendered":"https:\/\/sessimonium.com\/dde\/?page_id=987508401"},"modified":"2024-10-10T09:31:27","modified_gmt":"2024-10-10T07:31:27","slug":"enlaces","status":"publish","type":"page","link":"https:\/\/ddeasidoniajerez.es\/congreso\/enlaces\/","title":{"rendered":"Enlaces"},"content":{"rendered":"<p>[et_pb_section fb_built=\u00bb1&#8243; _builder_version=\u00bb4.27.0&#8243; _module_preset=\u00bbdefault\u00bb background_color=\u00bb#09738a\u00bb da_disable_devices=\u00bboff|off|off\u00bb global_colors_info=\u00bb{}\u00bb da_is_popup=\u00bboff\u00bb da_exit_intent=\u00bboff\u00bb da_has_close=\u00bbon\u00bb da_alt_close=\u00bboff\u00bb da_dark_close=\u00bboff\u00bb da_not_modal=\u00bbon\u00bb da_is_singular=\u00bboff\u00bb da_with_loader=\u00bboff\u00bb da_has_shadow=\u00bbon\u00bb][et_pb_row _builder_version=\u00bb4.27.0&#8243; _module_preset=\u00bbdefault\u00bb global_colors_info=\u00bb{}\u00bb][et_pb_column type=\u00bb4_4&#8243; _builder_version=\u00bb4.27.0&#8243; _module_preset=\u00bbdefault\u00bb global_colors_info=\u00bb{}\u00bb][et_pb_text _builder_version=\u00bb4.27.0&#8243; _module_preset=\u00bbdefault\u00bb header_2_font=\u00bbAboreto|700|||||||\u00bb header_2_text_align=\u00bbcenter\u00bb header_2_text_color=\u00bb#FFFFFF\u00bb header_2_font_size=\u00bb38px\u00bb custom_margin=\u00bb40px||40px||true|false\u00bb header_2_text_shadow_style=\u00bbpreset1&#8243; global_colors_info=\u00bb{}\u00bb]<\/p>\n<h2>Enlaces<\/h2>\n<p>[\/et_pb_text][\/et_pb_column][\/et_pb_row][\/et_pb_section][et_pb_section fb_built=\u00bb1&#8243; _builder_version=\u00bb4.27.0&#8243; _module_preset=\u00bbdefault\u00bb da_disable_devices=\u00bboff|off|off\u00bb global_colors_info=\u00bb{}\u00bb da_is_popup=\u00bboff\u00bb da_exit_intent=\u00bboff\u00bb da_has_close=\u00bbon\u00bb da_alt_close=\u00bboff\u00bb da_dark_close=\u00bboff\u00bb da_not_modal=\u00bbon\u00bb da_is_singular=\u00bboff\u00bb da_with_loader=\u00bboff\u00bb da_has_shadow=\u00bbon\u00bb][et_pb_row column_structure=\u00bb1_3,1_3,1_3&#8243; _builder_version=\u00bb4.27.0&#8243; _module_preset=\u00bbdefault\u00bb global_colors_info=\u00bb{}\u00bb][et_pb_column type=\u00bb1_3&#8243; _builder_version=\u00bb4.27.0&#8243; _module_preset=\u00bbdefault\u00bb global_colors_info=\u00bb{}\u00bb][et_pb_blurb title=\u00bbSecretar\u00eda T\u00e9cnica de Ense\u00f1anza de los Obispos del Sur de Espa\u00f1a\u00bb image=\u00bbhttps:\/\/ddeasidoniajerez.es\/congreso\/wp-content\/uploads\/2024\/10\/WhatsApp-Image-2024-10-09-at-13.01.45.jpeg\u00bb _builder_version=\u00bb4.27.0&#8243; _module_preset=\u00bbdefault\u00bb link_option_url=\u00bbhttps:\/\/www.stenobsur.org\/joomla\/\u00bb link_option_url_new_window=\u00bbon\u00bb hover_enabled=\u00bb0&#8243; global_colors_info=\u00bb{}\u00bb sticky_enabled=\u00bb0&#8243;]<\/p>\n<p>&nbsp;<\/p>\n<p>&nbsp;<\/p>\n<p>[\/et_pb_blurb][\/et_pb_column][et_pb_column type=\u00bb1_3&#8243; _builder_version=\u00bb4.27.0&#8243; _module_preset=\u00bbdefault\u00bb global_colors_info=\u00bb{}\u00bb][et_pb_blurb title=\u00bbEducaci\u00f3n y Cultura &#8211; Conferencia Episcopal Espa\u00f1ola\u00bb image=\u00bbhttps:\/\/ddeasidoniajerez.es\/congreso\/wp-content\/uploads\/2024\/10\/WhatsApp-Image-2024-10-09-at-13.02.02.jpeg\u00bb _builder_version=\u00bb4.27.0&#8243; _module_preset=\u00bbdefault\u00bb link_option_url=\u00bbhttps:\/\/conferenciaepiscopal.es\/comisiones\/educacion-y-cultura\/\u00bb link_option_url_new_window=\u00bbon\u00bb global_colors_info=\u00bb{}\u00bb]<\/p>\n<p>&nbsp;<\/p>\n<p>&nbsp;<\/p>\n<p>[\/et_pb_blurb][\/et_pb_column][et_pb_column type=\u00bb1_3&#8243; _builder_version=\u00bb4.27.0&#8243; _module_preset=\u00bbdefault\u00bb global_colors_info=\u00bb{}\u00bb][et_pb_blurb title=\u00bbDi\u00f3cesis de Asidonia &#8211; Jerez\u00bb image=\u00bbhttps:\/\/ddeasidoniajerez.es\/congreso\/wp-content\/uploads\/2024\/10\/WhatsApp-Image-2024-10-09-at-13.08.10.jpeg\u00bb _builder_version=\u00bb4.27.0&#8243; _module_preset=\u00bbdefault\u00bb link_option_url=\u00bbhttps:\/\/diocesisdejerez.org\/\u00bb link_option_url_new_window=\u00bbon\u00bb global_colors_info=\u00bb{}\u00bb][\/et_pb_blurb][\/et_pb_column][\/et_pb_row][\/et_pb_section]<\/p>\n","protected":false},"excerpt":{"rendered":"<p>Enlaces&nbsp; &nbsp;&nbsp; &nbsp;<\/p>\n","protected":false},"author":7,"featured_media":0,"parent":0,"menu_order":0,"comment_status":"closed","ping_status":"closed","template":"","meta":{"_et_pb_use_builder":"on","_et_pb_old_content":"","_et_gb_content_width":"","footnotes":""},"class_list":["post-987508401","page","type-page","status-publish","hentry"],"_links":{"self":[{"href":"https:\/\/ddeasidoniajerez.es\/congreso\/wp-json\/wp\/v2\/pages\/987508401","targetHints":{"allow":["GET"]}}],"collection":[{"href":"https:\/\/ddeasidoniajerez.es\/congreso\/wp-json\/wp\/v2\/pages"}],"about":[{"href":"https:\/\/ddeasidoniajerez.es\/congreso\/wp-json\/wp\/v2\/types\/page"}],"author":[{"embeddable":true,"href":"https:\/\/ddeasidoniajerez.es\/congreso\/wp-json\/wp\/v2\/users\/7"}],"replies":[{"embeddable":true,"href":"https:\/\/ddeasidoniajerez.es\/congreso\/wp-json\/wp\/v2\/comments?post=987508401"}],"version-history":[{"count":13,"href":"https:\/\/ddeasidoniajerez.es\/congreso\/wp-json\/wp\/v2\/pages\/987508401\/revisions"}],"predecessor-version":[{"id":987508610,"href":"https:\/\/ddeasidoniajerez.es\/congreso\/wp-json\/wp\/v2\/pages\/987508401\/revisions\/987508610"}],"wp:attachment":[{"href":"https:\/\/ddeasidoniajerez.es\/congreso\/wp-json\/wp\/v2\/media?parent=987508401"}],"curies":[{"name":"wp","href":"https:\/\/api.w.org\/{rel}","templated":true}]}}